 d be y(6). Let i be (-291)/(-9) - 2/6. Calculate the highest common divisor of i and d.
16
Let s = 166 + -62. Suppose -4*t + 36 + s = 0. Suppose -a - r + 33 = 2*a, -5*r = 2*a - t. Calculate the greatest common factor of 50 and a.
10
Suppose 0 = 5*h + 4*l - 471, -2*h = 11*l - 14*l - 170. Suppose 0 = 4*y - 3*y - 13. What is the highest common divisor of h and y?
13
Let t = -5 - -11. Let u = t + -1. What is the greatest common divisor of u and 45?
5
Let p(v) = 5*v**2 + 2*v - 1. Let m be p(1). Suppose -4 = -7*l + m*l. Calculate the highest common factor of l and 8.
4
Let a(x) = -x**3 + 5*x**2 + 3*x. Let n be a(5). Suppose c = -0 + 3. Let d be ((-13)/c + 1)*-18. What is the greatest common factor of d and n?
15
Suppose 0 = -2*p - y + 6 - 2, 0 = 2*y. Let h(m) = -m + 7*m - p*m + m**2 - 3. Let a be h(2). Calculate the highest common divisor of a and 99.
9
Let d(t) = -2*t**3 + t**2 + 2*t + 1. Let o be d(-1). Suppose o*v + 10 = 7*v. Suppose -3*k = -32 + v. Calculate the greatest common divisor of 90 and k.
10
Suppose 3*g = -0*g + 2*y + 140, -4*g + 180 = -4*y. What is the greatest common factor of g and 25?
25
Let r(h) = 3*h + 6. Let z be r(0). Calculate the highest common factor of 12 and z.
6
Suppose 0 = -3*z + 4*z - 1. Calculate the highest common divisor of z and 4.
1
Suppose o = -o + 4. Suppose 0 = 3*n + 4*f - 0 - 14, o*n + 5*f = 14. What is the highest common divisor of 14 and n?
2
Suppose -248 = -4*h + 428. Calculate the greatest common factor of 13 and h.
13
Let y be (51*(-8)/(-12) - 1)/1. Suppose b + 1 = 12. Calculate the highest common divisor of b and y.
11
Suppose 465 = -5*q - 570. Let i = -75 - q. Suppose 0*z = -3*z + i. What is the greatest common divisor of 4 and z?
4
Let y be 16/20*10/(-1). Let h = -10 - y. Let f(j) = -j**3 + j**2. Let q be f(h). Calculate the greatest common factor of 96 and q.
12
Suppose 4*t = 29 - 9. Calculate the highest common divisor of 1 and t.
1
Let d = 35 + -7. What is the greatest common divisor of 28 and d?
28
Let g(c) = -c**2 + 6*c + 7. Let l = 5 - -3. Let d be g(l). Let b be (210/d)/(2/(-6)). What is the highest common divisor of 28 and b?
14
Let w(l) = 3*l**2 + 9*l - 2. Let j be w(-6). What is the highest common divisor of 78 and j?
26
Let n be -7 - -10 - 0/(-2). Let x be (-3)/(-5) - (-6)/(-10). Suppose x = -b - b + 24. What is the greatest common factor of n and b?
3
Let b = -45 - -53. What is the greatest common factor of b and 8?
8
Let s(d) = d**2 + 4*d - 3. Let i be s(3). Let z = 37 - i. What is the highest common factor of z and 133?
19
Suppose 0*k + 2*k = 0, -2*l + k + 18 = 0. Calculate the highest common factor of 3 and l.
3
Let d = 20 - 10. What is the greatest common divisor of 15 and d?
5
Suppose -3*z + 29 + 4 = 0. What is the highest common divisor of z and 1?
1
Let r = -15 + 9. Let c(v) = -v**2 - 8*v + 7. Let q be c(r). Calculate the highest common factor of q and 152.
19
Let m be -2*(-2)/(-4) - 0. Let a be -1 - 2*m - 0. Calculate the greatest common factor of a and 1.
1
Suppose -2*d = d - 30. Suppose 4*f + u = -0*f + 284, 4 = u. What is the highest common factor of f and d?
10
Let w be 3 - (-3 - (3 + -14)). Let i = w + 9. Suppose -2*u = -11 - 1. Calculate the highest common factor of u and i.
2
Let t(i) = i**2 - 4*i + 5. Let f be t(4). Calculate the greatest common divisor of 2 and f.
1
Suppose h - 2*s = -3*h + 198, 5*h + 3*s = 253. What is the greatest common factor of h and 20?
10
Let v(r) = -r**3 + 7*r**2 - 4*r - 4. Let y be v(4). What is the greatest common factor of y and 224?
28
Let n = 70 - -115. Calculate the greatest common divisor of n and 37.
37
Let i = 55 - 7. What is the greatest common factor of 16 and i?
16
Let h(b) = b**3 + 5*b**2 + 2*b + 9. Let d be h(-4). What is the greatest common factor of 119 and d?
17
Let w be 0/(-2) + (2 - 0). Suppose 0 = 2*i + 7*g - w*g - 16, -3*i + 19 = 5*g. What is the greatest common factor of 15 and i?
3
Let u(l) = -l**3 - 4*l**2 + 2. Let r be u(-4). Suppose -4*g + 4*h + 26 = -146, r*h = g - 46. Calculate the greatest common divisor of g and 8.
8
Suppose 2*z + 10 = 0, -5*z - 398 - 639 = -4*g. What is the greatest common divisor of 23 and g?
23
Suppose -1 = -y + 8. What is the greatest common factor of y and 72?
9
Let q be 1/(2/4)*2. Suppose 199 = q*m + k, 2*m - 3*k - 97 = -6*k. Let x = -2 + m. Calculate the highest common factor of x and 12.
12
Let t be -4 + (-62)/(-3 + 1). Let p = 39 - t. Calculate the highest common factor of 108 and p.
12
Let f = -41 + 80. Calculate the highest common divisor of f and 39.
39
Let p be -1 + 0 - -9 - 0. Suppose -9 = -n + p. What is the greatest common factor of n and 34?
17
Let o(v) = -v - 13. Let k be o(-6). Let f = 13 + k. Let y be 4/14 + (-416)/(-14). Calculate the greatest common divisor of y and f.
6
Let n = -201 - -383. Calculate the greatest common divisor of n and 26.
26
Suppose -5*b + 20 = -2*b - 4*n, -2*b = -n - 10. What is the greatest common factor of b and 1?
1
Let m(p) be the third derivative of -17*p**4/24 + p**3/2 - 2*p**2. Let k be m(-5). Let n be (0 + k)*6/4. What is the highest common divisor of 12 and n?
12
Let n be ((-1)/2)/(9/252). Let f be (-356)/n - (-9)/(-21). What is the highest common divisor of 5 and f?
5
Suppose 0 = -3*g + g - 3*v + 31, -4*v = 3*g - 46. Calculate the greatest common factor of 56 and g.
14
Suppose -123*f - 500 = -128*f. What is the highest common factor of 250 and f?
50
Let y(f) = 1 - 4 + 20*f + 10. Let s be y(-7). Let x = 205 + s. Calculate the highest common divisor of 8 and x.
8
Let i = -207 - -367. Suppose 4*w = o + 243, -3*w - o = -107 - 77. Suppose -j + 17 = 3*r, r - w = -2*j - 22. What is the highest common factor of j and i?
20
Let w be ((-5)/4)/((-1)/24). Suppose -6*p = -4*v - 3*p + 9, -4*v - 4*p = -44. Calculate the highest common factor of w and v.
6
Let z(r) = 2*r + 2. Let n be z(1). Calculate the greatest common factor of 44 and n.
4
Suppose 0 = -5*n + 5*s + 10, n - s + 2*s = 12. What is the greatest common factor of 35 and n?
7
Let i = -381 - -552. Let y = -1 + -27. Let o = y + 47. What is the highest common divisor of i and o?
19
Suppose -16 = -d - u + 4*u, -2*d + u = -12. Suppose 2*m - 18 = 2*n, -2*m + 5*n + 17 = 4*n. What is the highest common divisor of d and m?
4
Suppose 2*x + 22 = 2*w - 12, 5*w - 115 = -5*x. Calculate the greatest common divisor of 180 and w.
20
Suppose -11*s + 3586 = -154. What is the highest common divisor of s and 20?
20
Let l be 5*(2 - 16/10). Suppose -2*a = -3*y - y + 96, 5*y - 4*a - 126 = 0. Calculate the greatest common factor of l and y.
2
Suppose 11*u - 1092 = -3*u. Calculate the highest common divisor of 104 and u.
26
Let o(h) = -h + 5. Let i be o(4). Suppose 0 = z + z - 6. Let a be i/z + (-34)/(-6). What is the highest common factor of 3 and a?
3
Suppose 0 = -4*q + q + 333. What is the highest common factor of q and 37?
37
Let j(i) = -125*i + 1. Let n be j(-1). What is the highest common divisor of 14 and n?
14
Suppose 0*v + 3*v - 231 = 0. Let b = 9 - -2. Calculate the greatest common factor of b and v.
11
Let y be ((-6)/6)/((-2)/4). Calculate the highest common factor of y and 1.
1
Let z(s) = -s - 2. Let k be z(2). Let b be (-50)/(((-16)/(-22))/k). What is the highest common factor of 25 and b?
25
Let k be 3/(-6 - -3) + 3. Let j be k/(-7) - 288/(-28). Calculate the greatest common factor of j and 15.
5
Let i = -6 - -1. Let g be (-150)/(-6)*(-2)/i. What is the greatest common divisor of 10 and g?
10
Suppose q + 6*q = 91. What is the highest common factor of q and 104?
13
Let p = 12 + 9. What is the highest common divisor of p and 3?
3
Suppose t + 44 = -2*u - 83, -3*u = -2*t + 187. Let p be 0 + -3 + 4 - u. Calculate the highest common divisor of 8 and p.
8
Suppose -4 - 10 = 2*c. Let k = c - -11. Calculate the highest common divisor of k and 8.
4
Let w be (-3)/6*-70*4. What is the highest common divisor of w and 20?
20
Let g = 249 + -171. What is the greatest common factor of 26 and g?
26
Let o(c) = c**2 - 11*c - 1. Let u be o(9). Let z = u - -31. What is the highest common divisor of z and 36?
12
Let y(g) = 2*g. Let z = -3 + 4. Let t be y(z). Suppose -5*j + t*v = -86, -2*v - 64 = -4*j + 2*v. Calculate the greatest common divisor of 9 and j.
9
Suppose -4*s - 19 = 5. Let z be s/(-21) - 103/(-7). Let f be 10/(1 + (-10)/12).